 k = 77 + -8. List the prime factors of k.
3, 23
Suppose -2*f + 24 = f. Suppose 0 = -5*l + l + f. What are the prime factors of l?
2
Suppose s + 4 = -5. Let o(g) = -4*g**2 + 30*g + 3. Let h(p) = p**2 - 10*p - 1. Let k(j) = 7*h(j) + 2*o(j). What are the prime factors of k(s)?
2
Let c be 5 - -2*(-3)/6. Let b be (c/(-6) + 0)*-21. Suppose r = d + 8, 0 = 2*r - r + 2*d - b. What are the prime factors of r?
2, 5
Suppose -c = 2*c - 54. List the prime factors of c.
2, 3
Suppose -2*i = 2*g - 16, -37 = -i - 3*i - 5*g. Suppose x - 2 - i = 0. Suppose x*j + 4*b = -0*b + 57, -j + 4*b = -21. List the prime factors of j.
13
Suppose -21*a = -16*a - 25. Suppose 3*k = -3*u - 2*k + 28, 2*u - 22 = -a*k. List the prime factors of u.
2, 3
Suppose -1 = -3*f + 2*s - 0, -1 = 3*f - 4*s. What are the prime factors of (5 - 4) + f + 0?
2
Let y(q) = q**2 - 5*q + 4. Let w be y(4). Suppose w = -c - c. Let v = c - -4. What are the prime factors of v?
2
Let u(o) = -o**3 - 15*o**2 - 5*o + 56. List the prime factors of u(-15).
131
Let l = 16 - 13. List the prime factors of l.
3
List the prime factors of (16/20)/((-6)/(-30)).
2
Let z = -10 + 85. Suppose -j + 5 + 5 = 2*b, -5*j - 5*b + z = 0. List the prime factors of j.
2, 5
Suppose -53 = -5*p - q, -5*p - 4*q = 5 - 52. What are the prime factors of p?
11
Let o(i) = -i**2 - 2*i + 136. What are the prime factors of o(0)?
2, 17
Let q = 9 - 15. List the prime factors of ((-1)/3 - 2)*q.
2, 7
Let p = 5 + -3. Suppose z - p*z = 5*a, z = -a. Suppose -s + a = -7. List the prime factors of s.
7
Suppose 0 = -2*i - y + 2*y + 8, 5*i + 5*y = 5. Suppose i*m = -18 + 126. Suppose -5*a + m = -9. List the prime factors of a.
3
Suppose -5*h = -2*h - 48. Suppose f + 2*l - 38 = h, 3*f - l - 134 = 0. What are the prime factors of f?
2, 23
Suppose 3*v = -2*v + 200. What are the prime factors of v?
2, 5
Suppose -4*v - 3*o + 34 + 6 = 0, 4*v + 5*o - 48 = 0. Let n(i) = -i + 3*i + i**3 - 4*i**2 - v*i + 5. What are the prime factors of n(5)?
5
Suppose -2*v - v = -12. Suppose -2*o - 3 + 7 = 4*s, 4 = v*s. Suppose 5*l - 14 - 1 = o. List the prime factors of l.
3
Suppose -5*r = -0*n - 4*n - 40, 0 = 4*n - 2*r + 28. Let u = -12 + n. Let i = u + 27. What are the prime factors of i?
2, 5
Let n(d) = -d**2 + 10*d - 4. Let a be n(9). Suppose p + 23 = -4*o, 3*o = -2*p - 0*o - 21. Let h = a + p. List the prime factors of h.
2
Suppose -3*a - 32 = 46. Let n = 46 + a. List the prime factors of n.
2, 5
Let j(b) = -b**3 - 11*b**2 + 7*b + 6. List the prime factors of j(-12).
2, 3, 11
Let i = 9 + -6. Suppose 2*c - 4*c + 35 = i*d, -c + 4*d - 10 = 0. List the prime factors of c.
2, 5
Let t(l) = 5*l + 2 - l - l. Let w be t(-4). Let i = w + 16. List the prime factors of i.
2, 3
Let l = -26 - -5. Let g = -11 - l. What are the prime factors of g?
2, 5
Let m be (-2)/4*-4 + 5. Suppose -49 - m = -4*j. List the prime factors of j.
2, 7
Let n(i) = i**2 - i + 16. Let v(a) = -a**2 + 8*a - 7. Let t = -5 + 12. Let j be v(t). What are the prime factors of n(j)?
2
Suppose -2*l - 8 = 2*u, -4*l - 4*u = -3*l + 19. Let t be (l - (2 + -2)) + -36. Let k = t - -51. List the prime factors of k.
2
Let f(c) = 76 - c**2 - 8 - 8. Let k be f(0). Suppose -3*i = -8*i + k. List the prime factors of i.
2, 3
Suppose -5*x + 32 = -x. Let s(o) = -o**2 + 8*o + 2. List the prime factors of s(x).
2
Suppose 3*w - 5*o - 195 = 0, w - 5*o - 125 = -w. List the prime factors of w.
2, 5, 7
Let l(y) = -y**2 - 3*y - 3. Let o be l(-3). Let i be 2/8 + o/12. Let u(j) = j**3 - j**2 + j + 13. List the prime factors of u(i).
13
Let j = -13 + 25. List the prime factors of (j/10)/((-1)/(-10)).
2, 3
Let t be (-1)/(((-8)/30)/(-4)). List the prime factors of (-10)/t*3*5.
2, 5
Let s be (-29)/(-5) + (-1)/(-5). Suppose 193 = 4*i - s*x + 3*x, 5*i = 5*x + 245. What are the prime factors of i?
2, 23
Let g = 40 - 17. Suppose u - g = -6. What are the prime factors of u?
17
Suppose -3*d + 5*d + 8 = -2*w, -5*w - 17 = 4*d. Let f = -16 - d. Let n = f - -26. List the prime factors of n.
13
Suppose -d + 64 = 4*b - 2*b, 2*b = 3*d + 48. What are the prime factors of b?
2, 3, 5
Let a be 1 + -1 - (7 + 3). Let x = a + 22. List the prime factors of x.
2, 3
Let w(i) be the third derivative of -i**7/5040 + i**5/30 - 3*i**2. Let n(m) be the third derivative of w(m). List the prime factors of n(-2).
2
Let b(h) = -h**3 + 4*h**2 + h + 1. Let w be b(4). Suppose 2*x + 87 = w*x. Suppose -3 = 3*a + 4*l - x, 2*a = -3*l + 19. What are the prime factors of a?
2
Suppose 2*f - 14 = -i - 3*i, 8 = i + 2*f. Let y be (i/(-5))/((-3)/(-15)). What are the prime factors of 6 + 0/(-1) + y?
2
Let j = 10 - 7. Suppose -j*s + 30 = -s. Suppose 0 = -5*a + s. What are the prime factors of a?
3
What are the prime factors of 1 + -2 - (-45)/9?
2
Let c = -5 - -5. What are the prime factors of 20*(3/6 - c)?
2, 5
Let i(b) = -84*b**3 - b**2 + 1. What are the prime factors of i(-1)?
2, 3, 7
Let p = -38 - -70. List the prime factors of p.
2
Suppose -4*j = -12, z - 2*j + 4*j - 8 = 0. Suppose -36*f = -35*f - 8. List the prime factors of 2 + f + (z - 0).
2, 3
Suppose -4*w - 2*v - 8 = -36, -2*w + 8 = 4*v. What are the prime factors of w?
2
Let i = 7 - 4. List the prime factors of i*(3 + -2)*3.
3
Let q be ((-63)/(-6))/(-3)*(-6)/3. Suppose 0 = -3*j - 0*j - 9. Let w = j + q. What are the prime factors of w?
2
Suppose 8 = 5*v + f, 2 = 2*f - 4. Let w be 2/(20/18 + -1). Let c = w - v. What are the prime factors of c?
17
Suppose -q + 406 = 5*x - x, -92 = -x - 5*q. List the prime factors of 2/3*x/4.
17
Let w(z) = 2*z**2 + 7*z - 22. What are the prime factors of w(5)?
3, 7
Let k = 0 - -2. Suppose k*w + 2 = 2*f + 4*w, -2*f = -w - 8. Suppose -f*q + 15 = 3*b, 5*b - 4*q = 2*b + 43. List the prime factors of b.
3
List the prime factors of (222/15)/((-14)/(-35)).
37
Suppose 2*x - 148 = 4*q + 1060, 0 = -x + q + 602. Suppose c - 6*c = x. List the prime factors of ((-12)/(-10))/((-9)/c).
2
Let a be 0*((-3)/6 - -1). Suppose a = 3*v + v - 80. List the prime factors of v.
2, 5
Let a be (-1)/(2 - (-11)/(-5)). Suppose c = 2*w + 24, -c - 4*c + 125 = -a*w. List the prime factors of c.
2, 13
What are the prime factors of 82 - 1 - 0/((-15)/3)?
3
Suppose -4*s - 31 = -p - 4*p, 4*s + 4 = -4*p. Let g be 2/(-4)*1*s. Suppose -o - 2*v = -3*v + 1, 3*o - g*v = 0. What are the prime factors of o?
2
Suppose 4*b - 127 = -31. List the prime factors of b.
2, 3
Suppose -r = h + 9, -7 - 8 = 2*h - r. Let w = -9 - h. List the prime factors of w*2*-3*1.
2, 3
Suppose g + 4 = -g. Let p be ((-2)/(-4))/(g/(-4)). List the prime factors of (-4)/(3 - 5/p).
2
List the prime factors of -3 + (-14)/(-6) - (-101)/3.
3, 11
Suppose 2*f + 5 = -n - 2, 0 = 3*f + 3*n + 12. Let a be (-2)/(-3)*(-9)/f. Suppose -i + 2*g = a*i - 30, 3*i + 3*g = 30. List the prime factors of i.
2, 5
Suppose 4 = -2*h + 58. List the prime factors of h.
3
Suppose h + 1 - 4 = 0. Suppose 0*x - 18 = -h*x. List the prime factors of x.
2, 3
Let k be 31/(-4) + 2/(-8). List the prime factors of 105/14*k/(-3).
2, 5
What are the prime factors of 139/1 + -3 + 6?
2, 71
Suppose -4*f + 350 = -802. List the prime factors of f.
2, 3
Suppose -4*q + 259 = -j, 3*q + 0*j = -4*j + 199. Suppose n + 3*l = -0*l + 12, 4*n - q = 5*l. List the prime factors of n.
3, 5
Let k(n) = n**2 - n + 1. Let c(j) = -3*j**3 - j**2 + j + 1. Let w be c(-1). Let b be k(w). Suppose -b*i = 13 - 43. What are the prime factors of i?
2, 5
List the prime factors of (-3)/((-165)/835) + (-4)/22.
3, 5
Suppose v + 5 = 0, -2*v - 9 = 4*p - 5*v. Let l = p - -10. Suppose -3*w - 11 = -l*w. List the prime factors of w.
11
Let w(f) = 17*f**2 - 3*f - 1. What are the prime factors of w(-2)?
73
Suppose -x - 2*q = 8 - 1, 2*x + 5*q + 18 = 0. Suppose -a + 3 = -x. List the prime factors of (5/(-3))/(a/(-24)).
2, 5
Let n = -2 + 4. Let q be (-57)/9 - n/(-6). List the prime factors of -18*(-2 - q/4).
3
Let m = 5 - 3. Suppose 2*h + 20 - 50 = -m*n, -5*n + 15 = h. Suppose g + 2*g - h = 0. List the prime factors of g.
5
Suppose -14 = 3*t + o, t - 1 = -3*o + 5. Let x(a) = -2*a**3 - 5*a - 2*a + 3 + a**3 - 7*a**2. What are the prime factors of x(t)?
3
Let o(p) = -2*p**2 + 29*p - 13. List the prime factors of o(13).
2, 13
Let f(u) = -4*u + 11. Let j(c) = -2*c + 5. Let t(i) = -6*f(i) + 13*j(i). List the prime factors of t(-10).
19
Let r = -11 - -15. Let s be (3/r)/